 = 0. What is the greatest common factor of f and s?
11
Suppose -4*r + 971 = 3*u, -105*r - u + 241 = -104*r. What is the highest common factor of r and 3875?
31
Let h = 11 - 7. Suppose 301 = h*j + 73. Let b be (-2)/4 - 49/28*-22. Calculate the highest common factor of j and b.
19
Suppose -93 + 865 = 27*p - 929. Calculate the greatest common divisor of 1379 and p.
7
Let o(x) = -22*x**3 - x**2 + x + 2. Let v be o(2). Let i = 272 + v. Suppose -5 + 17 = y. Calculate the greatest common factor of y and i.
12
Let m be 4424/26 + (-44)/286. Let h = 13 + 7. Calculate the highest common divisor of h and m.
10
Let r = 19 + -11. Let t = 34 + r. Suppose -80*f + 2675 = -3395 - 2330. Calculate the highest common factor of t and f.
21
Let u = -12 + 19. Suppose 0 = u*i - 1336 - 1121. What is the greatest common divisor of 18 and i?
9
Let g(x) = x - 2. Let y be g(0). Let o be -1*(-3)/(-2)*y. Suppose 2*z - 34 = w - 31, 0 = -4*z + 8*w - 24. Calculate the highest common divisor of o and z.
1
Let b(i) = 8*i - 3. Let v be b(4). Suppose -2*d + 1034 = -p - 0*p, 2068 = 4*d + 2*p. Suppose -63 = -5*r + d. What is the greatest common divisor of v and r?
29
Let w(z) = -9*z - 68. Let j(r) = -r**3 + 21*r**2 + 22*r - 9. Let c be j(22). Let l be w(c). What is the greatest common factor of 1 and l?
1
Let q = 15126 + -15086. Let r(v) = 18*v - 8. Let o be r(6). What is the greatest common divisor of o and q?
20
Suppose -413 - 1867 = 471*f - 9816. Suppose 4*x + 4*n - 16 = 2*x, -2*x + n = -26. What is the highest common factor of f and x?
4
Let n = -110 + 113. Suppose 3*z = -n*b + 39, 6*b - 35 = -3*z + 2*b. Let k = -26 - -43. Calculate the greatest common factor of z and k.
17
Suppose 2408 = 3*a + 11*a. Suppose -a = -5*n - 92. What is the highest common divisor of n and 104?
8
Let c = -12481 + 19663. What is the highest common divisor of c and 152?
38
Suppose 609*h + 4060 = 638*h. Calculate the highest common divisor of h and 1148.
28
Let l be ((-18)/4)/((-5)/50). Suppose -l = -4*k + 35. Suppose k*w + 560 = 25*w. Calculate the greatest common factor of 16 and w.
16
Suppose 106*q - 817 = 137. Calculate the greatest common factor of q and 1233.
9
Let b(k) = 6*k**2 - 307*k + 1573. Let n be b(5). What is the greatest common factor of n and 3149?
47
Let o(d) = -4*d - 30. Let l be o(13). Let z = 171 + l. Let x = z + -53. What is the highest common factor of 12 and x?
12
Let l = 1690 - 1686. What is the greatest common divisor of 18 and l?
2
Suppose 0 = -4*z + z - 3*a + 12, 2*z - 10 = -a. Let w(p) = -2*p**3 + 17*p**2 - 25*p + 6. Let u be w(z). Calculate the highest common factor of 60 and u.
12
Let h = -361 - -364. Let k = -93 - -28. Let u be k/(-15)*(12 + h). What is the highest common divisor of u and 26?
13
Let c be ((-24)/36)/(120/450)*(-496)/10. Suppose d - 95 = b + b, 367 = 4*d + 5*b. Calculate the greatest common factor of d and c.
31
Let i(n) = -6*n - 1. Let c be i(-1). Let j(z) = z**2 + 328*z - 5850. Let l be j(17). Calculate the greatest common divisor of l and c.
5
Let y = 6460 + -6390. What is the greatest common divisor of y and 2982?
14
Let w(b) = -b**2 + 3*b + 30. Let a be w(-7). Let g be a*6/(-4)*52/39. Calculate the highest common divisor of g and 10.
10
Suppose -30 + 85 = 5*y. Let h = 6468 + -6215. Calculate the highest common factor of h and y.
11
Suppose -5*n - 2*j + 2545 = 0, 2*n = -107*j + 111*j + 994. What is the highest common factor of n and 156?
39
Let f = 6285 + -6258. Let s = -6 + 8. Suppose 21 = s*x - 33. Calculate the highest common divisor of x and f.
27
Let l = -8 + 17. Let d(u) = u**2 + u + 63. Let a be (-5)/15*0 - 0. Let c be d(a). What is the greatest common factor of l and c?
9
Let t(z) = 105*z + 107. Let p be t(24). Calculate the highest common factor of p and 71.
71
Let t(b) = 86*b - 13278. Let k be t(171). What is the greatest common factor of k and 4692?
204
Suppose 90*a + 17*a = 1391. What is the highest common divisor of 3159 and a?
13
Suppose -46*k + 51*k - d = 1307, -5*d + 251 = k. What is the highest common factor of k and 58?
29
Let n be ((-900)/(-12))/((-9)/(-525)). Calculate the greatest common factor of n and 70.
35
Let y = -503 + 505. Suppose 6 = 3*s, 0 = -4*z - y*s + 3*s + 22. What is the highest common divisor of 75 and z?
3
Let a(s) = 8*s**2 - 11*s + 98. Let q be a(11). Calculate the greatest common divisor of q and 140.
35
Let i(a) = -a**3 - 2*a**2 - 33*a + 156. Let l be i(0). What is the highest common factor of l and 16029?
39
Suppose -3*v + 45 = -6. Let l(q) = q**2 + 7*q - 15. Let z be l(-11). Let p = z - v. Calculate the greatest common factor of p and 8.
4
Let b(u) = 2*u + 0*u + 88 - 6*u + 0*u + 3*u. Let m be b(13). What is the greatest common factor of 50 and m?
25
Let t(d) = d**2 - 19*d - 171. Let x be t(-8). Calculate the highest common factor of 285 and x.
15
Let q = -1004 + 1014. What is the greatest common factor of 1690 and q?
10
Suppose -7*d - 30 = -d. Let k(m) = 37*m - 4. Let r(f) = 19*f - 2. Let z(v) = d*r(v) + 3*k(v). Let y be z(2). Calculate the highest common factor of y and 60.
30
Suppose -18699 = -26*o + 4602 - 4841. What is the greatest common divisor of o and 180?
10
Suppose 0 = -3*g + 2*b + 5127 - 1022, 3*b = 5*g - 6842. Calculate the greatest common factor of g and 185.
37
Let b be 16209/42 + -2 - (-58)/812. Calculate the greatest common factor of 2448 and b.
48
Suppose -18*b + 20*b = 42. Let i(f) = f**2 - 23*f - 17. Let w be i(b). Let a = w + 60. What is the highest common factor of a and 3?
1
Suppose 1845 + 885 = 10*r. Let i = -31 + 187. Suppose -i = f - 5*f. Calculate the highest common factor of r and f.
39
Let c(f) = f**3 - 3*f**2 - 4*f - 14. Let x be c(6). Suppose -5*o - x = -95. What is the greatest common divisor of 5 and o?
5
Let s(y) = -y**3 + 10*y**2 + 13*y + 69. Let l be s(13). Let c = 274 + l. Calculate the highest common divisor of 3 and c.
1
Let i be 390/(-1560) + ((-33747)/4)/(-3). What is the highest common factor of i and 152?
76
Suppose -4*m = -u - 2356 - 4919, 5*m - 9125 = -5*u. Suppose -15*h - 13*h = -m. Let p = 33 + 6. What is the greatest common divisor of h and p?
13
Let t = 95 + -95. Let l be (t + (-1 - 3))/(-1). Let x be 8*1/l*(-22)/(-4). Calculate the highest common factor of 11 and x.
11
Suppose 22*i = 32*i - 6040. Suppose 0 = 18*y - 1016 - i. What is the greatest common factor of y and 120?
30
Suppose 5*q + 5*v - 1605 = 0, -5*v + 3*v + 2 = 0. Let m(c) = -245*c - 53. Let k be m(-1). What is the greatest common factor of k and q?
64
Suppose 59*k - 7127 - 6089 = 0. What is the greatest common divisor of k and 1288?
56
Let u be 30/((-6)/1612*-13). Calculate the highest common divisor of 1560 and u.
20
Let g(a) = -a**3 + 10*a**2 - 11*a - 3. Let q be g(9). Let f = -9 - q. Let w = -3 + 21. Calculate the greatest common factor of w and f.
6
Let s(j) = 59*j - 1017. Let w be s(18). What is the highest common divisor of 648 and w?
9
Suppose 0 = 6*u + 5*w + 134 + 46, 3*w - 60 = 2*u. Let l be (80/u)/((-6)/495). What is the greatest common divisor of 88 and l?
44
Suppose 8*q - 3*q = 280. Let g be 3 + 29/4 - (6 + (5704/(-32))/31). Calculate the highest common factor of q and g.
2
Let r(u) = -u + 4. Let l be r(0). Suppose 0 = -6*c + 72 + 12. Let i be 144/c + (-16)/56. Calculate the highest common divisor of l and i.
2
Let k be 36*5/75*85. What is the highest common divisor of k and 24?
12
Let w be 7 - (2 + 2 - 1). Suppose -4*y - 3*j + 0*j = -1028, -w*y + 2*j = -1048. Let l = 145 - 93. What is the greatest common divisor of l and y?
52
Suppose 5*g = -2*a + 16 + 203, 5*a - 2*g - 562 = 0. Let b = a + -74. Calculate the highest common factor of 19 and b.
19
Let i(p) = 4*p**2 - 17*p + 240. Let l be i(0). Suppose -4*v = -k - 32, 8*k - 3*k + 32 = 4*v. What is the greatest common divisor of v and l?
8
Let v be (3/2)/((-6)/(-32)). Let a(y) = -32621*y + 232. Let j be a(0). What is the greatest common divisor of v and j?
8
Let l be (-19)/(-3) + 1785/153. Calculate the greatest common factor of 2250 and l.
18
Let o be (-9)/54 - 134/(-12). Suppose 0 = -9*u + o*u - 58. Suppose -u + 125 = 6*r. What is the greatest common factor of 40 and r?
8
Suppose -3*v = m + 4, 5*m + 5*v = 87 - 27. Let w be 162/4 - 2/4. Calculate the highest common factor of w and m.
20
Suppose j + 5*r = -17, 12*r - 5*r = -21. Let d be (8 